nder when 28750931 is divided by 1773.
1736
Calculate the remainder when 5772 is divided by 4869.
903
What is the remainder when 1468399 is divided by 97893?
4
Calculate the remainder when 4961667 is divided by 4248.
3
Calculate the remainder when 47229915 is divided by 787165.
15
Calculate the remainder when 200812 is divided by 100406.
0
Calculate the remainder when 2335 is divided by 761.
52
What is the remainder when 15782205 is divided by 29?
28
What is the remainder when 266126483 is divided by 2522?
2521
What is the remainder when 27346201 is divided by 674?
673
What is the remainder when 187744 is divided by 1058?
478
What is the remainder when 17546288 is divided by 1398?
1388
Calculate the remainder when 372112 is divided by 318.
52
What is the remainder when 722954 is divided by 7162?
6754
Calculate the remainder when 1267798 is divided by 26412.
22
Calculate the remainder when 1615801 is divided by 80733.
1141
What is the remainder when 159999 is divided by 779?
304
What is the remainder when 2138311 is divided by 517?
516
What is the remainder when 1013650 is divided by 4087?
74
Calculate the remainder when 2011782980 is divided by 22.
20
What is the remainder when 1274485 is divided by 167?
108
Calculate the remainder when 2514351 is divided by 154.
147
Calculate the remainder when 1205863 is divided by 92.
19
What is the remainder when 792907 is divided by 2745?
2347
Calculate the remainder when 3325088 is divided by 151136.
96
What is the remainder when 110806829 is divided by 294?
287
What is the remainder when 114828622 is divided by 2793?
13
What is the remainder when 12603432 is divided by 19?
10
What is the remainder when 27944236 is divided by 1996016?
12
Calculate the remainder when 20817407 is divided by 730.
727
What is the remainder when 585850 is divided by 66?
34
What is the remainder when 15383101 is divided by 26?
19
What is the remainder when 7956404 is divided by 1136598?
218
Calculate the remainder when 75701 is divided by 3.
2
What is the remainder when 8956 is divided by 1240?
276
Calculate the remainder when 29076 is divided by 20341.
8735
Calculate the remainder when 112707 is divided by 2878.
465
What is the remainder when 707299 is divided by 1095?
1024
Calculate the remainder when 35149220 is divided by 65946.
2
Calculate the remainder when 2205969 is divided by 1102984.
1
Calculate the remainder when 1980942 is divided by 1111.
29
Calculate the remainder when 12491 is divided by 5362.
1767
Calculate the remainder when 656049 is divided by 544.
529
What is the remainder when 1913 is divided by 1222?
691
Calculate the remainder when 14240 is divided by 707.
100
Calculate the remainder when 63562 is divided by 3919.
858
Calculate the remainder when 96684648 is divided by 24171161.
4
Calculate the remainder when 135615 is divided by 206.
67
What is the remainder when 1991689 is divided by 663895?
4
Calculate the remainder when 1383458 is divided by 583.
582
What is the remainder when 639914 is divided by 546?
2
What is the remainder when 143361957 is divided by 88?
13
Calculate the remainder when 39509979 is divided by 19754983.
13
Calculate the remainder when 14808987 is divided by 204.
15
Calculate the remainder when 14693286 is divided by 753.
750
Calculate the remainder when 1450268 is divided by 4724.
0
What is the remainder when 130448777 is divided by 65224386?
5
What is the remainder when 384428 is divided by 384316?
112
Calculate the remainder when 1788559 is divided by 297.
25
Calculate the remainder when 8077429 is divided by 2357.
2347
Calculate the remainder when 584230 is divided by 58421.
20
Calculate the remainder when 270477 is divided by 90069.
270
Calculate the remainder when 12133196 is divided by 861.
845
Calculate the remainder when 119605461 is divided by 71.
68
What is the remainder when 74055 is divided by 24181?
1512
Calculate the remainder when 33705920 is divided by 23.
18
Calculate the remainder when 1497773 is divided by 374316.
509
Calculate the remainder when 2892701 is divided by 82644.
161
Calculate the remainder when 61799361 is divided by 2362.
2355
What is the remainder when 251342 is divided by 1132?
38
Calculate the remainder when 40632 is divided by 4543.
4288
What is the remainder when 12395 is divided by 12048?
347
What is the remainder when 182260559 is divided by 146?
145
What is the remainder when 26124 is divided by 957?
285
Calculate the remainder when 12075094 is divided by 53.
51
Calculate the remainder when 6381601 is divided by 727.
722
What is the remainder when 1539865 is divided by 100?
65
Calculate the remainder when 37132 is divided by 1523.
580
Calculate the remainder when 6099182 is divided by 1503.
8
What is the remainder when 1056211 is divided by 264043?
39
Calculate the remainder when 485915 is divided by 69397.
136
What is the remainder when 29267343 is divided by 81?
18
Calculate the remainder when 470502 is divided by 10901.
1759
Calculate the remainder when 10672115 is divided by 1042.
993
What is the remainder when 23948162 is divided by 28?
14
Calculate the remainder when 75084 is divided by 24942.
258
What is the remainder when 2034750 is divided by 103?
88
What is the remainder when 567594 is divided by 6600?
6594
What is the remainder when 100437 is divided by 5024?
4981
What is the remainder when 346862 is divided by 346475?
387
Calculate the remainder when 26512 is divided by 103.
41
Calculate the remainder when 6514 is divided by 45.
34
What is the remainder when 2605246 is divided by 21709?
166
Calculate the remainder when 3742031 is divided by 518.
517
Calculate the remainder when 3835886 is divided by 348716.
10
What is the remainder when 8838512 is divided by 133?
130
What is the remainder when 211953 is divided by 64?
49
Calculate the remainder when 5903429 is divided by 32980.
9
Calculate the remainder when 3007362 is divided by 58.
4
Calculate the remainder when 932924 is divided by 107.
98
Calculate the remainder when 1201193 is divided by 115.
18
What is the remainder when 18747662 is divided by 7731?
7718
What is the remainder when 370909384 is divided by 18?
16
What is the remainder when 69638418 is divided by 4642559?
33
Calculate the remainder when 10915 is divided by 496.
3
Calculate the remainder when 2278975 is divided by 214.
89
What is the remainder when 12642 is divided by 11914?
728
Calculate the remainder when 246513712 is divided by 19.
17
What is the remainder when 16130790 is divided by 31444?
18
Calculate the remainder when 26438260 is divided by 293.
284
Calculate the remainder when 25634049 is divided by 55365.
54
Calculate the remainder when 4282148 is divided by 44.
24
What is the remainder when 8909284 is divided by 78843?
25
What is the remainder when 105912 is divided by 52936?
40
What is the remainder when 6640374 is divided by 324?
318
What is the remainder when 88681 is divided by 1247?
144
Calculate the remainder when 5742134 is divided by 49078.
8
Calculate the remainder when 147222 is divided by 10514.
26
What is the remainder when 379608 is divided by 27113?
26
What is the remainder when 98063854 is divided by 1584?
1582
Calculate the remainder when 5005715 is divided by 4093.
4069
Calculate the remainder when 14724461 is divided by 1636050.
11
What is the remainder when 1647959 is divided by 20345?
14
What is the remainder when 562628 is divided by 1196?
508
What is the remainder when 44934459 is divided by 808?
771
What is the remainder when 4477571 is divided by 895513?
6
What is the remainder when 24764652 is divided by 122?
116
What is the remainder when 57168558 is divided by 110?
18
Calculate the remainder when 13923641 is divided by 435113.
25
What is the remainder when 42442 is divided by 551?
15
What is the remainder when 68987423 is divided by 242?
241
Calculate the remainder when 1636992 is divided by 125916.
84
Calculate the remainder when 152093 is divided by 1520.
93
What is the remainder when 4890012 is divided by 5?
2
Calculate the remainder when 289827413 is divided by 529849.
10
What is the remainder when 174669 is divided by 10246?
487
Calculate the remainder when 20599 is divided by 20597.
2
Calculate the remainder when 376857 is divided by 330.
327
Calculate the remaind